{"id":30,"date":"2020-01-09T22:15:07","date_gmt":"2020-01-09T22:15:07","guid":{"rendered":"https:\/\/www.avantel.de\/events\/?page_id=30"},"modified":"2020-01-13T10:26:52","modified_gmt":"2020-01-13T10:26:52","slug":"events","status":"publish","type":"page","link":"https:\/\/www.avantel.de\/events\/events\/","title":{"rendered":"Events"},"content":{"rendered":"<p><strong class=\"fmg\">Freude \u2013 Spa\u00df \u2013 Lachen \u2013 Freudentr\u00e4nen \u2013 Tanzen \u2013 \u00dcberraschungen \u2013 Erinnerungen schaffen<\/strong><\/p>\n<p>All dies weckt Emotionen, die eine Veranstaltung unvergesslich machen! Und an diesem Punkt kommen wir ins Spiel&#8230;<\/p>\n<p>Ob Hochzeit, Jubil\u00e4um oder Party, wir \u00fcbernehmen die Organisation:<br \/>\nvon der ersten Recherche einer passenden Location, spezifischem Catering und Musik, bis hin zur Versendung der Einladung, Vermittlung eines Fotografen und der Betreuung vor Ort (auf Wunsch).<\/p>\n<p>Unser h\u00f6chstes Bestreben ist es, Ihre Ideen lebendig werden zu lassen und Ihre Tr\u00e4ume zu verwirklichen! Durch uns haben Sie den Kopf frei und k\u00f6nnen den Abend, mit all seinen Emotionen genie\u00dfen.<\/p>\n<p>So individuell wie die verschiedenen Veranstaltungen sind auch unsere angebotenen Dienstleistungen: Sei es eine Unterst\u00fctzung bei der Planung einzelner Teilbereiche oder die komplette Organisation ihrer Feier, wir sind f\u00fcr Sie da!<\/p>\n","protected":false},"excerpt":{"rendered":"<p>Freude \u2013 Spa\u00df \u2013 Lachen \u2013 Freudentr\u00e4nen \u2013 Tanzen \u2013 \u00dcberraschungen \u2013 Erinnerungen schaffen All dies weckt Emotionen, die eine Veranstaltung unvergesslich machen! Und an diesem Punkt kommen wir ins Spiel&#8230; Ob Hochzeit, Jubil\u00e4um oder Party, wir \u00fcbernehmen die Organisation: von der ersten Recherche einer passenden Location, spezifischem Catering und Musik, bis hin zur Versendung &hellip; <\/p>\n<p class=\"link-more\"><a href=\"https:\/\/www.avantel.de\/events\/events\/\" class=\"more-link\">Continue reading<span class=\"screen-reader-text\"> &#8220;Events&#8221;<\/span><\/a><\/p>\n","protected":false},"author":1,"featured_media":0,"parent":0,"menu_order":0,"comment_status":"closed","ping_status":"closed","template":"","meta":[],"_links":{"self":[{"href":"https:\/\/www.avantel.de\/events\/wp-json\/wp\/v2\/pages\/30"}],"collection":[{"href":"https:\/\/www.avantel.de\/events\/wp-json\/wp\/v2\/pages"}],"about":[{"href":"https:\/\/www.avantel.de\/events\/wp-json\/wp\/v2\/types\/page"}],"author":[{"embeddable":true,"href":"https:\/\/www.avantel.de\/events\/wp-json\/wp\/v2\/users\/1"}],"replies":[{"embeddable":true,"href":"https:\/\/www.avantel.de\/events\/wp-json\/wp\/v2\/comments?post=30"}],"version-history":[{"count":2,"href":"https:\/\/www.avantel.de\/events\/wp-json\/wp\/v2\/pages\/30\/revisions"}],"predecessor-version":[{"id":54,"href":"https:\/\/www.avantel.de\/events\/wp-json\/wp\/v2\/pages\/30\/revisions\/54"}],"wp:attachment":[{"href":"https:\/\/www.avantel.de\/events\/wp-json\/wp\/v2\/media?parent=30"}],"curies":[{"name":"wp","href":"https:\/\/api.w.org\/{rel}","templated":true}]}}